21213031132
What is -3418509 (base 10) in base 8?
-15024615
230455 (base 8) to base 3
10222011112
32202023 (base 6) to base 11
5990a6
-328a687 (base 13) to base 3
-1002010012011012
22011211221 (base 3) to base 7
1240246
-612dc (base 16) to base 15
-7ce14
Convert -2127c4 (base 14) to base 15.
-17229b
Convert 2140022 (base 5) to base 10.
36887
What is 11a9bc (base 14) in base 15?
be690
What is 6216413 (base 9) in base 6?
155041103
-93688 (base 11) to base 3
-20221100200
Convert -2053174 (base 13) to base 4.
-211121120032
What is 36532 (base 14) in base 4?
200122000
-6a808 (base 12) to base 13
-5003c
Convert 2200030301 (base 4) to base 10.
656177
28635 (base 12) to base 16
db89
What is 5ca89 (base 14) in base 15?
47444
Convert 10011121221 (base 3) to base 14.
18a6a
14552104 (base 7) to base 15
1c71cd
102203313302 (base 4) to base 16
4a3df2
What is b08122 (base 12) in base 16?
29faaa
-2202361 (base 7) to base 13
-95a4c
-16114077 (base 8) to base 10
-3708991
1132020545 (base 6) to base 8
60327361
What is -123111311 (base 4) in base 11?
-77159
17233 (base 12) to base 7
165450
Convert -1111110100000011010000 (base 2) to base 9.
-7717325
-117517 (base 10) to base 4
-130230031
What is -10222210001 (base 3) in base 11?
-54039
What is 40a507 (base 14) in base 7?
24345610
What is -145633241 (base 7) in base 2?
-100101001101111100000011
110000313 (base 4) to base 9
134403
Convert -4adef7 (base 16) to base 11.
-2851566
What is 223313110 (base 4) in base 12?
87b84
Convert 6103427 (base 9) to base 15.
443071
What is 11230400 (base 5) in base 9?
164785
3b4586 (base 15) to base 4
22313233113
Convert -1000000100110110 (base 2) to base 3.
-1200101010
158948 (base 11) to base 7
2043222
Convert 3411624 (base 7) to base 12.
184b13
237544 (base 12) to base 11
361343
Convert -1a6b80 (base 12) to base 11.
-29a883
5688 (base 10) to base 2
1011000111000
-2595467 (base 10) to base 15
-364062
Convert 123220232 (base 4) to base 7.
651011
-32113201 (base 4) to base 13
-20a2b
What is 2212020102 (base 5) in base 15?
64ba1c
Convert -60b00 (base 12) to base 3.
-20101211200
What is 2222645 (base 9) in base 15?
1895e2
Convert 419478 (base 13) to base 11.
958801
What is 5b6ca (base 15) in base 12?
120a3a
31132210 (base 5) to base 13
8c28b
Convert 1014427 (base 10) to base 8.
3675233
What is 7261444 (base 8) in base 15?
28099e
3400320324 (base 5) to base 8
34264615
7524266 (base 8) to base 13
554723
Convert -100001001101001010101 (base 2) to base 9.
-2037513
-203103331 (base 4) to base 6
-3033341
What is -1206110 (base 7) in base 3?
-21210101122
Convert -1001001000110101101 (base 2) to base 13.
-a63a8
What is 4237446 (base 9) in base 10?
2269014
What is 244406 (base 7) in base 9?
67388
Convert -189435 (base 13) to base 7.
-5162244
Convert -20113001233 (base 4) to base 7.
-24425062
What is 1ac7586 (base 13) in base 15?
baba3a
Convert -241050246 (base 7) to base 14.
-1db3796
What is -382048a (base 11) in base 4?
-121103113323
Convert 1292112 (base 11) to base 2.
1000100000000000000100
What is -1231289 (base 10) in base 6?
-42220225
113330323 (base 4) to base 7
556012
-111031100 (base 4) to base 8
-251520
Convert 121211210100 (base 3) to base 6.
11034530
Convert -b98ad1 (base 14) to base 5.
-3102122103
Convert 224edb (base 15) to base 13.
454070
2757a (base 15) to base 5
13013430
40821 (base 10) to base 2
1001111101110101
What is -103cb8 (base 14) in base 6?
-15431402
What is -21213040 (base 5) in base 10?
-179145
-1315530 (base 7) to base 9
-282503
What is -83767 (base 15) in base 11?
-265167
110231003131 (base 4) to base 5
2342134141
-211112142 (base 6) to base 8
-16061436
110000100001011 (base 2) to base 13
b400
What is -436263 (base 7) in base 4?
-102231120
What is -141334432 (base 5) in base 4?
-2302113321
Convert 451423324 (base 6) to base 15.
abe62d
Convert -253343410 (base 6) to base 4.
-102303022332
What is 123342420 (base 5) in base 6?
20553253
Convert -77069 (base 12) to base 5.
-20013304
100001111011011011110 (base 2) to base 9
2074054
Convert 848886 (base 9) to base 13.
148c41
-121113010 (base 4) to base 14
-29bda
Convert -20101200012 (base 3) to base 2.
-11110101110110111
What is 30747 (base 15) in base 7?
1206400
What is 1101101003 (base 4) in base 6?
11045015
Convert -198799 (base 12) to base 3.
-211212211200
Convert -3011022300 (base 4) to base 16.
-c52b0
Convert -166c9d (base 15) to base 5.
-234224343
Convert 4c0c8c (base 14) to base 4.
21332113230
What is -11200020101 (base 3) in base 5?
-10421101
What is 800547 (base 13) in base 6?
143403440
-203021134 (base 5) to base 15
-115bce
1753174 (base 8) to base 3
222002121110
Convert 6065201 (base 8) to base 9.
3007861
Convert 1412328 (base 9) to base 7.
6411113
What is 248255 (base 11) in base 3?
201220012022
What is 56537 (base 10) in base 15?
11b42
4b3c3 (base 13) to base 14
38981
Convert -248de (base 16) to base 13.
-531c5
4038224 (base 9) to base 14
4000bd
What is 17416141 (base 8) in base 4?
33201301201
-112003330202 (base 4) to base 16
-583f22
What is 23577 (base 11) in base 3?
1201120221
-9883ab (base 12) to base 8
-11166063
What is -3085731 (base 10) in base 6?
-150045443
-331304662 (base 7) to base 4
-1030002321130
69386 (base 11) to base 13
36850
What is -ca16 (base 16) in base 11?
-35961
What is 1351214 (base 6) in base 15?
17b27
Convert 1394311 (base 12) to base 14.
742cd7
1110213210 (base 4) to base 3
122121102220
What is -37784 (base 10) in base 14?
-daac
Convert -b4a5b7 (base 14) to base 7.
-102556220
-24ea5 (base 16) to base 9
-250365
-24002434 (base 5) to base 10
-219119
Convert -58d89e (base 15) to base 16.
-40d093
31427b (base 16) to base 14
6006b9
Convert 1322327 (base 9) to base 6.
23301124
Convert 1020231014 (base 5) to base 6.
113215510
Convert -11222111111 (base 3) to base 6.
-2033534
Convert 415210 (base 11) to base 2.
10100010100010011001
What is -1174673 (base 9) in base 10?
-639885
-333515 (base 8) to base 16
-1b74d
-45521 (base 10) to base 13
-17948
Convert b557b (base 15) to base 14.
10d78b
-2d307 (base 15) to base 14
-3b1cb
What is -70b1c3 (base 14) in base 12?
-1330447
What is 2204120100 (base 5) in base 9?
8845726
Convert -1a97b4b (base 13) to base 9.
-17523582
What is 47527 (base 9) in base 7?
161434
Convert 184872 (base 12) to base 15.
85465
210000101 (base 3) to base 2
11101111010111
-6349557 (base 10) to base 7
-104653554
-1729162 (base 11) to base 13
-7bc482
d5acef (base 16) to base 15
1369279
What is 51fc20 (base 16) in base 6?
311054452
Convert -100110011010101000010110 (base 2) to base 13.
-2117a09
Convert -23031324 (base 5) to base 10.
-205214
Convert 1462275 (base 10) to base 6.
51201443
Convert 3020771 (base 9) to base 3.
10000200212101
What is -536816 (base 10) in base 16?
-830f0
Convert -188344 (base 10) to base 13.
-67960
What is -10010010000011101101 (base 2) in base 4?
-2102003231
What is -126683 (base 16) in base 6?
-41502455
What is 5728603 (base 10) in base 12?
1b031b7
What is -488b7 (base 12) in base 6?
-2033551
Convert 44aa (base 11) to base 7.
23166
Convert -813b75 (base 12) to base 10.
-2018249
-1166102 (base 11) to base 9
-3731603
What is -4c930 (base 15) in base 6?
-5130330
What is 102420 (base 8) in base 16?
8510
Convert -8416837 (base 9) to base 5.
-2122434331
-11411130313 (base 5) to base 9
-27153018
What is -130122 (base 5) in base 12?
-2ab9
Convert -222722 (base 12) to base 11.
-341486
-5288314 (base 10) to base 13
-11320a5
Convert -325422 (base 11) to base 7.
-4262602
Convert -226122 (base 7) to base 2.
-1001111001011011
Convert -438581 (base 9) to base 3.
-111022122201
What is 1711365 (base 8) in base 10?
496373
What is 73fc8 (base 16) in base 4?
1303333020
7765f4 (base 16) to base 6
435414152
13c032 (base 14) to base 3
1021212002001
Convert 78d2e (base 15) to base 6.
12123212
What is -101010111110001001 (base 2) in base 8?
-527611
Convert -59c87 (base 15) to base 4.
-1011321313
Convert -127c5 (base 14) to base 3.
-2022100022
What is -282458 (base 9) in base 2?
-101010000110000101
What is 3112010 (base 5) in base 4?
30123000
What is -698ca (base 13) in base 15?
-3c13c
What is 30420125 (base 6) in base 12?
361645
What is -1411424 (base 5) in base 9?
-43680
What is 232134103 (base 5) in base 16?
100ef3
What is -c84 (base 13) in base 3?
-2221010
Convert -1